 0. What is the units digit of t?
4
What is the tens digit of (-7)/(-7)*(2 - 4) - -946?
4
Let y = -6 - -6. Let c(t) = -1 - 4*t + y + 3*t. What is the units digit of c(-3)?
2
Suppose 88 = -4*l - l + 2*m, 0 = 4*l - 2*m + 72. Let o be l/(-6)*54/72. Suppose 0*n + 6 = -4*p - o*n, -3*n = -2*p + 17. What is the units digit of p?
1
Let d(w) = -w**3 - 9*w**2 - 36*w + 32. What is the hundreds digit of d(-16)?
4
Let a(i) = -i**2 - 15*i - 8. Let d be a(-14). Suppose k = -d - 6. What is the units digit of k/15 - (-102)/15?
6
What is the thousands digit of -1 + 7/3 + 79824/72?
1
Let w be (-3)/(((-21)/4)/7). Let h be 11/w - 14/(-56). What is the tens digit of -1*7*(0 - h)?
2
Let x(v) = -v**3 - 15*v**2 - 13*v. Let j be (14/(-5 + 4))/1. Let w be x(j). What is the tens digit of (12/9)/(w/(-273))?
2
Suppose 0 = w + 4*j - 4410, -4*w = -2*j + 7*j - 17662. What is the hundreds digit of w?
4
Let p = -316 + 479. What is the units digit of p?
3
Let k be 306*(-6)/(-24) - 1/(-2). Let a = k + 28. What is the units digit of a?
5
Suppose -37*x + 17568 = -11292. What is the tens digit of x?
8
Suppose 13*u = 11*u + 420. Let f = -116 + u. What is the units digit of f?
4
Suppose -5*h - 37 = -d, -4*d + 2*h + 28 = -3*d. Suppose -3*s + 4*v = d, -18 = -s + 6*s - 2*v. What is the units digit of s/10 - (-56)/5?
1
Let b be 0 + 7 - (0 - (6 + -2)). Suppose -7*a - 640 = -b*a. What is the tens digit of a?
6
Let u = 489 + -184. What is the units digit of u?
5
Let w(g) = -5*g - 6 + 12*g - 12*g. What is the units digit of w(-2)?
4
Let w be 4/(-3)*(1 - 4). What is the hundreds digit of w/(-10) + ((-1134)/(-10) - -2)?
1
Suppose 3*d = -q + 135, d + 540 = 4*q - 0*d. What is the tens digit of q?
3
Let d(w) = w**3 + 8*w**2 + w + 10. Let c be d(-8). Suppose 0 = -v - 0*v - c. What is the tens digit of (0 + (-1 - v))*19?
1
Suppose 2*l - 7 = 3. Suppose -21 + 1 = -l*c. What is the units digit of 6/c + (-90)/(-12)?
9
Suppose -z + 3*t = 5*t - 17, 4*t = 12. Let r = z - 9. What is the units digit of (-780)/(-75) - r/5?
0
Let d = -84 - -178. Suppose 0 = n - z - 28, 5*z + 15 = 4*n - d. Let j = -21 + n. What is the units digit of j?
0
Suppose -26*n + 6375 = -9*n. What is the hundreds digit of n?
3
Let q = 22 + 10. Suppose -15 = -n + q. What is the units digit of n?
7
Let s(a) = -11*a - 124. Let g be s(-10). Suppose -2*t + 3 = -27. Let f = t + g. What is the units digit of f?
1
Suppose 45 = -2*u + b + 368, 641 = 4*u - 3*b. What is the units digit of u?
4
Suppose 0 = 2*v - 3*v + 116. What is the tens digit of v + -2*(-1)/(-2) + 2?
1
Let m(j) = j**3 + 7*j**2 + 6*j + 2. Let y be m(-6). Suppose y*p = -2*p. Suppose -5*s + 191 + 34 = p. What is the tens digit of s?
4
Suppose 42*b = -27*b + 48438. What is the tens digit of b?
0
What is the tens digit of 56/(-21) - (-4438)/6?
3
Let a be 2/4 - 637/(-14). Suppose 0 = x - 8 + 3. Suppose -u = -2*f - 6 + 25, -x*f + 3*u + a = 0. What is the units digit of f?
1
Let c = 21 - 12. What is the units digit of (24/c)/((-6)/(-81))?
6
Let t be -1*(12/(-3) + 4). Let r = 20 - 10. Let l = t + r. What is the tens digit of l?
1
Let n(p) = p**3 - p**2 - 2*p. Let b be n(-1). Let u = 35 + b. Suppose u = 3*w - 2*w. What is the tens digit of w?
3
Let i(k) = -k**3 + 4*k**2 - 3*k + 1. Let j be i(3). Suppose -d - j = -8. What is the units digit of 238/d + -1*1?
3
What is the units digit of (1 + 132/10)/((-79)/(-395))?
1
Let y be (-8 - -1)*(-200)/140. Suppose y*j = 21*j - 726. What is the tens digit of j?
6
Let m(c) = -11*c**2 - 3*c + 1181. What is the units digit of m(0)?
1
Suppose 0*h = 2*b - 3*h + 16, -h = -2*b - 20. Let g(w) = 3*w**2 + 26*w + 6. What is the units digit of g(b)?
3
Suppose -44*o = -80869 + 10733. What is the tens digit of o?
9
Suppose 4*q - 1082 = -3*o, -3*o + 3*q + 1068 = -0*o. What is the tens digit of o?
5
Suppose 3*a + 17*y - 20*y - 1209 = 0, -4*y + 2015 = 5*a. What is the tens digit of a?
0
Let i(k) = -k**2 + 8*k + 12. Let w be i(9). Suppose -3*b = -6 - 6. Suppose a - 10 = -b*h, 1 = 4*h - w*a - 1. What is the units digit of h?
2
Suppose -34*o = -126233 + 16583. What is the tens digit of o?
2
Let x(n) = 90*n**2 + 51*n + 291. What is the hundreds digit of x(-5)?
2
Suppose 0 = -t - 2 + 5. Suppose 2*u - 62 = 2*x, -2*u + 3*u - 23 = t*x. What is the tens digit of u?
3
Let c(f) = f**2 + 8*f + 9. Let u be c(-3). Let q(a) = a**2 + 9*a + 27. What is the units digit of q(u)?
9
Let b(g) = -2*g**2 + 11*g + 6. Let o be b(6). Suppose o = t - 3*p + 32, -2*t - 2*p - 1 - 31 = 0. What is the tens digit of 3/(-12) - 565/t?
2
Let r(k) be the third derivative of k**4/6 - 29*k**3/6 - 20*k**2. What is the units digit of r(11)?
5
What is the tens digit of (13/91)/(2/707)*26?
1
Let r be (6/21 - 2/7) + 48. What is the units digit of (4/(-12))/((-1)/r)?
6
Suppose -4*s - 24 = 3*n - 2*n, 0 = -2*s + n - 6. Let h be 36 + 9/3 + s. Suppose 5*i - 46 = h. What is the units digit of i?
6
Suppose -5*w - 137 = -v, -3*w = -v + 24 + 119. Suppose 4*o = -4*d + 136, v = -2*d + 6*d - 4*o. What is the units digit of d?
6
Suppose m - 46 = -5. Let i = 91 - m. What is the tens digit of i?
5
Let d(c) = 40*c**2 - c. Let n be d(1). Let w be (-28)/8 + (10/(-4) - -2). Let z = n - w. What is the tens digit of z?
4
What is the units digit of 8010/4 + 1 - (-113)/(-226)?
3
Suppose -232*r = -217*r - 32070. What is the thousands digit of r?
2
Let s = 1711 - 1578. What is the tens digit of s?
3
Let r(b) = 128*b**3 - 2*b**2 + 30*b - 86. What is the thousands digit of r(3)?
3
Suppose 3*i + 9 = 0, 3*a - 2*i = -i. Let x(y) = -3*y + 1. What is the units digit of x(a)?
4
Let i(k) = k**2 - 6*k + 5. Let v be i(5). Suppose v = z - 5*j - 13, -5*j - 45 - 1 = -2*z. Let r = 53 - z. What is the units digit of r?
0
Let f be -5 + 2 + (8 - 0). Let w(s) = -s**3 + 3*s + s**2 + 4 - 2*s - f. What is the units digit of w(-2)?
9
Suppose 37*v - 48 = 33*v. What is the units digit of 1401/v + ((-6)/(-8))/3?
7
Let x(l) = -l**2 - 9*l - 12. Let w be x(-7). Let m(y) = 2*y**2 + 3*y**2 + 2 + 4*y**w + 1. What is the tens digit of m(-2)?
3
Suppose 4*i - 6*i = -4. Suppose -4*f = -3*n - 67, i*f - 2*n = 4 + 30. Suppose -2*z = -k - 39, -f = 3*z + 2*k - 85. What is the tens digit of z?
2
Let l be (-3)/(-9) - -1*7053/9. Suppose 10*c - 1156 = l. What is the units digit of c?
4
Let i be ((-6)/7)/((-20)/140). Suppose i*d - 785 = d + 5*a, -4*a = 5*d - 776. What is the tens digit of d?
5
Let n = -5999 - -8687. What is the thousands digit of n?
2
Suppose 4*w - 2440 = -2*j, -3*j - j - 8 = 0. What is the hundreds digit of w?
6
Let y = 703 + 1357. What is the units digit of y?
0
Let a be (62 + 24)/(-1 - 1). Let k = 177 + a. What is the tens digit of k?
3
Let w be -2*((-3)/6)/((-4)/(-276)). What is the units digit of (w/6 + -1)/((-6)/(-12))?
1
Let r = -47 + 23. Let y = -11 - r. What is the units digit of y?
3
Let w be -18 + 17 - -2*2. Suppose d + w*x - 387 = -2*d, -d + x = -125. What is the units digit of d?
7
Let s = 905 + -697. What is the tens digit of s?
0
Suppose 0 = h + x - 18 - 385, 4*h + 2*x - 1606 = 0. What is the tens digit of h?
0
Suppose 3*w + 1024 = 2*l, w = 2*l - 181 - 155. Let d = -157 - w. What is the units digit of d?
7
Suppose -s + 0 - 10 = 0. Let j = 64 - s. What is the tens digit of j?
7
Suppose -2*j = 3*n + 136 - 1548, -4*j = 4*n - 1876. What is the tens digit of n?
7
Let o(t) = 3*t**2 - 5*t + 1. Suppose 0 = -i - 1 + 5. What is the units digit of o(i)?
9
Let l be -2 - ((-2 - -3) + 1). Let j(y) = y + 6. Let q be j(l). What is the units digit of 15*q/6*1?
5
Suppose -5*x = -3*m + 1423, -x = 4*m + 3*x - 1908. What is the tens digit of m?
7
Let k(c) = 557*c - 414. What is the hundreds digit of k(8)?
0
Suppose -4*w - 4*n + 2056 = 0, 2*w - 1030 = -3*n + 2*n. Suppose 4*m = 2*q - 240, 7*q - 3*q - w = -m. Suppose q = 5*k + 43. What is the tens digit of k?
1
Let c = 0 - -8. Let d(m) = m**2 + 8*m. Let l be d(-10). What is the units digit of 14/(5/(l/c))?
7
Let x be 18/4 - 5/10. Suppose 41 = -v - 5*s, -s - 80 = x*v - 2*s. Let k = 29 + v. What is the units digit of k?
8
Suppose 3*a + 1 = 5*p - 8, 0 = 2*a - 4. Let f(q) be the first derivative of 3*q**2 - q + 2. What is the units digit of f(p)?
7
Let u(f) = 2*f**3 - 3*f**2 - 6*f + 8. Let m be u(5). Suppose 0 = -2*c + m + 29. What is the units digit of c?
1
Suppose -5*o = -2*m - 10, 4*o - 4 = -3*m + 4. Let j be 3/(-1)*o/6